 - 3*s**3 + 2*s**g + 0*s**3 - 2 + 2*s**3. What is d(c)?
-2
Let l = -21 + 12. Let c(s) = -11*s - 2. Let d(f) = 5*f + 1. Let w(v) = l*d(v) - 4*c(v). What is w(-6)?
5
Let m(w) = -2*w**3 + 17*w**2 - 11*w + 3. Suppose -12 = -3*y - 6. Let k(t) = t**3 - 8*t**2 + 5*t - 2. Let h(p) = y*m(p) + 5*k(p). Give h(5).
-14
Let r be (-1)/(-4) - (-2)/(-8). Suppose -6*x + 2*x = r. Let z(v) be the first derivative of v**2/2 + 7*v - 1. Determine z(x).
7
Let y(a) = a + 7. Suppose -37*h + 32*h = 0. Calculate y(h).
7
Let t(z) = 2*z**2 - 40 + 44 + 4*z - 3*z**2 - z**3. Calculate t(-3).
10
Let g(c) = c**2 + c - 1. Let k(l) = -l**3 - 3*l**2 - 7*l + 7. Let q(v) = 6*g(v) + k(v). Give q(2).
3
Suppose -2*s = 3*s. Suppose s*b - b + 1 = 0. Let a(k) = -2 - k + 4 - 6 + k**2 + b. Calculate a(3).
3
Suppose 0*s = 4*s - 5*a - 11, 0 = -5*s - 4*a + 24. Let r(k) be the first derivative of -3*k**2/2 + 3*k + 2. What is r(s)?
-9
Let u(l) = l - 4. Let w be u(0). Let m(x) be the first derivative of 5 + 3/2*x**2 - 3*x + 1/3*x**3. What is m(w)?
1
Let z(t) = -t**3 + 7*t**2 - 7*t + 5. Let a = -4 - -19. Suppose -5*r = 5*x - 2*r - 21, x - 3*r - a = 0. What is z(x)?
-1
Let v(s) be the third derivative of -s**4/24 + 4*s**3/3 - s**2. Suppose -48 + 52 = b. Calculate v(b).
4
Let t(z) = 4*z - 3. Let g(h) = -9*h + 6. Let n(m) = -3*g(m) - 7*t(m). Calculate n(6).
-3
Let u(z) = -1 + 54*z**2 - 6*z + z - 53*z**2. What is u(4)?
-5
Let n(h) = h**2 + 2*h - 1. Let u(t) = t. Let l(o) = n(o) - 5*u(o). Calculate l(3).
-1
Let v(f) = -5*f + f + 3*f + 2*f. Let x be 12/(-42) + -33*1/7. What is v(x)?
-5
Let a(c) be the first derivative of -c**2 + c - 1. Let x = 14 - 11. Calculate a(x).
-5
Suppose -2*i = -i - 1, 1 = 4*h + i. Let u(m) = m**3 - m**2 - 8. Calculate u(h).
-8
Let m(v) be the second derivative of -3*v + 0 - 1/12*v**4 + 4/3*v**3 - 9/2*v**2. Determine m(6).
3
Let y = -9 - -10. Let a(r) = 3*r + 0*r - 2*r + y. Calculate a(1).
2
Let h(m) = -m + 2*m + m + m. What is h(-5)?
-15
Let g(z) = -4*z**2 + 3*z - 6. Let c(p) = 1 + 16 + 5*p**2 + 6*p**2 - 10*p. Let j(f) = 3*c(f) + 8*g(f). What is j(2)?
-5
Let z(c) be the second derivative of c**4/6 + c**3/3 - c**2/2 + 3*c. Let g be (-2 - 0)/(1 + 0). Determine z(g).
3
Let q(t) = t + 1. Let p be q(1). Suppose 0 = i - p*h - 10, -i = 3*i - 2*h - 22. Let y(s) = 0 + 6*s - 2 - i*s - 3*s. Determine y(2).
-4
Let x = 2 - 3. Let j(m) be the first derivative of 3*m**4/4 - m - 4. Give j(x).
-4
Let v(d) be the second derivative of -4*d**3/3 - d**2/2 - 3*d. Let m = 8 + -6. Suppose 4 = -6*c + m*c. Determine v(c).
7
Let s(q) be the third derivative of q**6/120 - q**5/15 - q**4/4 - 2*q**2. Let n = 3 + 2. Determine s(n).
-5
Let o(t) = t**3 + 2*t + 1. Let a = 15 + -14. Suppose 0 = 3*l + 2 + a. Determine o(l).
-2
Let h = 5 - 3. Let a(p) = -p**3 - 2*p**2 + 2*p + 1. What is a(h)?
-11
Let x(t) = -t**2 - 7*t + 6. Let h(n) = -n**3 + n**2 - n - 7. Let y be h(0). Give x(y).
6
Let n(p) = p. Let o be -2*5*2/(-4). Let l be ((-6)/5)/((-1)/o). Let r be (4/l)/(6/(-9)). What is n(r)?
-1
Let f(y) be the second derivative of y**5/20 - 3*y**4/4 + 4*y**3/3 - 11*y**2/2 - 16*y. What is f(8)?
-11
Let s(b) = b**3 - b**2 - b. Let f(r) = -r**2 - 9*r - 14. Let j be f(-10). Let k be -3*(-3 + j/(-9)). What is s(k)?
-1
Let l(w) = w - 3. Let i be l(7). Let q(f) be the second derivative of -f**5/20 + 5*f**4/12 - 7*f**3/6 + 5*f**2/2 + 2*f. Give q(i).
-7
Suppose 2 = y + 9. Let k = y - -10. Let q = k - 3. Let f(z) = -z + 9. Calculate f(q).
9
Let g(v) = 3*v + 5. Suppose -4*r = -5*r - 2. Let y(x) be the third derivative of x**4/24 - x**2. Let s(k) = r*y(k) + g(k). Give s(0).
5
Let p be ((-4)/8 - 0) + (-3)/2. Let c(d) = 2*d**2 + 3*d + 1. Give c(p).
3
Suppose 5*d + 17 = -2*z + 6*z, -z - 5*d = 27. Let t be z + 0 - (-3)/1. Let i(h) = 2*h + 2*h - 4*h + t + 3*h. Determine i(1).
4
Let h(g) = -g**2 + g. Suppose 0 = -p + 134 - 133. Determine h(p).
0
Let w = -3 - -6. Suppose 3*t + w = 0, c - 5 + 0 = -2*t. Let r(v) = -v + 8. Calculate r(c).
1
Let p(b) = b**2 + b + 12. Let l(o) = o - 1. Let t(h) = -6*l(h) - p(h). Give t(-6).
0
Let q be 0 - (2 + (1 - -1)). Let i(g) be the second derivative of g**4/12 + 5*g**3/6 + 3*g**2 - 8*g. Determine i(q).
2
Let p(r) = -5*r + 1. Let w be p(-1). Let m(f) = 4*f - 27. Let s(i) = -2*i + 13. Let v(d) = 4*m(d) + 9*s(d). What is v(w)?
-3
Let a(j) be the third derivative of -j**5/15 - j**4/6 - j**3/3 + 11*j**2. Suppose 2 = -4*g - 6. What is a(g)?
-10
Let r(x) = x**2 - 7*x + 4. Let f = 9 - 2. Give r(f).
4
Let t(o) be the second derivative of -5*o**3/6 - o**2/2 + 3*o - 8. Let z(v) = 15*v**2 + v. Let x be z(-1). Let i be 4/x - 5/(-7). Give t(i).
-6
Suppose 2*z - 3*h - 5 = 0, z - 5*h - 8 - 12 = 0. Let f(w) = 3*w - 14. Let t(c) = c - 5. Let l(o) = -4*f(o) + 11*t(o). What is l(z)?
6
Let w(a) = -8*a - 50 + 6*a + 54. Give w(8).
-12
Let a(d) = -5*d**3 - d**2 + 2*d. Let k(j) = 9*j**3 + j**2 - 3*j + 1. Suppose 3 = -c, -3*u = -3*c + c - 39. Let n(i) = u*a(i) + 6*k(i). Determine n(-5).
-14
Let c(o) = -8 - 12*o + 6 - 11 - 28*o**2 + 27*o**2. Give c(-10).
7
Let t(y) = y**2 - 2. Suppose 15 = 6*f - 9. Let x be (-2 - 8/(-4))/f. Calculate t(x).
-2
Let b be ((-2)/4)/(1/(-6)). Let i(l) = 8*l**3 - 6 + 2*l - b*l**2 + 3 - 7*l**3. Determine i(2).
-3
Let v(f) = -f**2 - f. Let b(x) = -5*x**2 - 12*x + 4. Let h(s) = -b(s) + 6*v(s). Calculate h(5).
1
Let w be 0*2/4 + 3. Let m(u) = u**3 + 1 - w*u**3 - 6*u - 8*u**2 + 4*u**2 + 3*u**3. Give m(5).
-4
Let x(o) be the first derivative of -2*o**3/3 + 5*o**2/2 + 7*o - 2. Let c = 18 + -13. Determine x(c).
-18
Let t(r) = -2*r - 6. Suppose -2*u = -u + 5*n - 1, 2*u = -5*n + 7. Give t(u).
-18
Let b(o) = -3*o - 6. Let c(k) be the first derivative of k**2/2 + 2*k - 3. Let n(p) = 2*b(p) + 7*c(p). Determine n(-5).
-3
Let a(p) = 5*p**2 + 15*p - 3. Let f(b) = -6*b**2 - 16*b + 3. Let z(h) = -7*a(h) - 6*f(h). Calculate z(8).
-5
Let d(f) = -f**2 + 5*f - 4. Let z = 92 + -86. What is d(z)?
-10
Let h(g) = 0*g**2 - 2*g**2 + 4 - 5 - g**3 + g. Suppose -o + 25 = 5*i - 3*i, 0 = i + 3*o - 25. Let y be -3*(-1 - i/(-6)). What is h(y)?
-3
Let m be 3/12 + 33/12. Suppose m*f + 18 = r, 3*r + 6 = -9*f + 6*f. Let l(v) = v**3 - 2*v**2 + v - 2. Calculate l(r).
10
Let b(p) = 3*p - 4. Suppose 2*f + 0 = 4. Suppose f = 2*h, -z = -4*h - h. Calculate b(z).
11
Let w(g) = -3*g - 3. Let b be w(-3). Let q(r) = -16*r + 17. Let v(f) = -5*f + 6. Let t(d) = 2*q(d) - 7*v(d). Determine t(b).
10
Let y(k) = -k**2 + 8*k - 2. Let m = -22 + 28. Calculate y(m).
10
Let s(b) = b**2 - 5*b - 5. Let w = 4 - -26. Suppose -d + w = 4*d. Give s(d).
1
Let d(o) be the second derivative of o**4/12 - 11*o**3/6 - 2*o**2 + 13*o. What is d(11)?
-4
Let h(m) = 2*m**3 + 0 + 4 - 5*m**2 - 12 - 3*m**3 + 4*m. What is h(-6)?
4
Let b(z) be the third derivative of -z**4/24 + 55*z**2. Let v = 0 + -5. Calculate b(v).
5
Let p(v) = -v**2 - 4*v. Let f(s) = 2*s - 2. Let k(a) = -a + 1. Let n(q) = f(q) + 3*k(q). Let l be n(4). What is p(l)?
3
Suppose 3*f = 3 + 3. Let w(x) = x**2 + 9*x + 1. Let t be w(-9). Let n(p) = 0 + 0*p**f + p**2 - p - t - p**3. What is n(2)?
-7
Let h be (0 - 3)/6*-4. Suppose b = h + 2. Suppose t + t + n + 11 = 0, 20 = -2*t - b*n. Let i(z) = -z**3 - 5*z**2 - 4*z - 2. Calculate i(t).
-2
Let p(o) = -o**2 - 7*o + 9. Let b = -32 - -24. Calculate p(b).
1
Let b(i) = 4*i**2 + 18*i - 8. Let m(x) = -x**2 - 6*x + 3. Let v(h) = 2*b(h) + 7*m(h). Let t = 13 + -9. Give v(t).
-3
Suppose 0 = 5*c - 13*c - 24. Let z(v) = -2*v - 1. What is z(c)?
5
Let n(r) = 6*r**3 + 4*r - 3. Let a(s) = 7*s**3 - s**2 + 4*s - 3. Let f(c) = 5*a(c) - 6*n(c). Give f(-4).
3
Suppose 3*a - x - 59 = 0, x - 56 + 7 = -3*a. Suppose -2*k = -6*k + 8, 4*v = -5*k + a. Let l(w) = 4*w**3 + 7 - v*w**2 + w**3 - 7*w - 6*w**3 + 8*w**2. Give l(5).
-3
Let k(r) = -r**2 - 35*r**3 + 3*r - 5*r + 0*r - 1 + 36*r**3. Give k(-1).
-1
Let u(i) be the third derivative of i**7/2520 - i**6/720 - i**5/40 + i**4/6 - 5*i**2. Let h(c) be the second derivative of u(c). Give h(0).
-3
Let g(c) be the third derivative of c**6/120 - c**5/10 - 5*c**3/6 - 21*c**2. Determine g(6).
-5
Let c(k) be the third derivative of k**6/120 - k**5/15 - k**3/3 - 20*k**2. Determine c(4).
-2
Let j = -9 - -5. Suppose 6 = -x - 2*x, -4*x = 5*h - 2. Let y(i) = -1 - i - h + 2. Calculate y(j).
3
Let d(f) be the third derivative of f**5/12 - f**3/6 - 2*f**2. Let x = -9 - -1